2 + 9*l + 14. Let j be b(-7). Suppose 5*y - 349 - 641 = j. Calculate the greatest common factor of 22 and y.
22
Suppose 0*p - 32 = -4*p. Let j = p - -17. Let g = j - 6. Calculate the greatest common divisor of g and 76.
19
Suppose -5*j = 4*y - 21, -5*y + 0*j = j. Let t be 1 + 7 + -1 + y. Suppose 4*x - 14 = -t. What is the greatest common divisor of 2 and x?
2
Let q(f) = 3*f - 6. Let h(a) = 13*a - 25. Let w(z) = 2*h(z) - 9*q(z). Let l be w(2). Suppose -48 = -0*r - l*r. What is the greatest common divisor of r and 48?
24
Suppose 0 = -v + 2, -4*n + 5*v = -3*n + 101. Let s = -21 - n. Calculate the greatest common divisor of s and 20.
10
Suppose 14 = j + 42. Let x = j - -18. Let h be (-2 + (-15)/x)*-238. What is the highest common factor of 17 and h?
17
Let p be (-3*(-8)/18)/(8/12). Suppose p*z - 43 = -2*a + a, z = -5*a + 197. What is the highest common factor of a and 13?
13
Suppose 5*m = -2*f + 6*f + 103, 5*m = f + 97. Let o be ((-4)/(-3))/(8/12). Suppose 3*y - 95 = o*y. What is the highest common divisor of m and y?
19
Let s(h) = -2*h**2 + 11*h + 12. Let d be s(5). Let k be -3*417/(-9) - 3. What is the greatest common factor of k and d?
17
Suppose 5*v - 5*k - 95 = 0, 4*v - 3*k - 78 = -k. Suppose -300 = 4*o - 9*o. What is the highest common divisor of v and o?
20
Let t = -308 + 853. Suppose i = -2*g + 277, -6*g + t = -2*g + 5*i. What is the highest common factor of 20 and g?
20
Let g = -1971 + 1975. Let z = 23 + -13. Calculate the greatest common divisor of z and g.
2
Let m(v) = 24*v**2. Let t be m(1). Let w = -18 - t. Let l = w + 64. Calculate the greatest common divisor of 110 and l.
22
Suppose 4*b = -3*l + 11051, -65*b + 62*b - l + 8282 = 0. What is the highest common divisor of b and 31?
31
Suppose 5*v - 24 = -64. Let a be (68/6)/(v/(-24)). What is the highest common factor of 306 and a?
34
Let m = 61 - 43. Let k = m + 2. Let a(v) = -v**2 + 12*v - 2. Let o be a(8). Calculate the highest common divisor of k and o.
10
Suppose -16*u + 64 = -12*u. Let c = u - 9. Let g(d) = 3*d**2 + 2. Let l be g(-2). What is the highest common divisor of l and c?
7
Let v(t) = 62*t - 309. Let k be v(7). Let m = -126 - -176. Calculate the highest common divisor of k and m.
25
Let u be 6/(-2) - (1 + -94). Suppose 7*r = 2*r + u. What is the greatest common divisor of r and 162?
18
Let y = 105 + -31. Suppose y - 26 = 3*u. What is the greatest common divisor of 24 and u?
8
Suppose 3*j - 63 = -34*b + 31*b, b = -4*j + 12. Calculate the greatest common factor of b and 120.
24
Let y = -280 - -1029. What is the greatest common factor of 7 and y?
7
Suppose 4*w - 30 = 5*l, 2*w - 3*w + 2*l = -9. Let i be (-4)/(-1*(4 - 3)). Suppose 108 = i*n - 52. Calculate the highest common divisor of w and n.
5
Let i be 2181/7 - 66/(-154). What is the greatest common divisor of 117 and i?
39
Let b(c) = -c**3 - 4*c**2 + 5*c + 2. Let l be b(-5). Suppose -5*q = -f - 324 - 196, 0 = -l*f. Calculate the highest common divisor of q and 13.
13
Suppose 2*y = 5*p - 48, 5*p + 6*y = 2*y + 54. Let d = p + 25. Let m(f) = f**3 - 14*f**2 + f - 7. Let t be m(14). What is the highest common divisor of t and d?
7
Let h = 13 - 10. Suppose 2*y - y + h*u = 2, 3*y + 20 = 4*u. Let r be (5/y)/((-10)/40). Calculate the greatest common factor of 10 and r.
5
Suppose -3*j + 24 = j. Let a be (-1)/((-9)/96) - (-2)/j. Let s = 18 + 26. Calculate the greatest common divisor of a and s.
11
Let n be ((-6)/4)/(((-42)/(-44))/(-7)). Suppose -n = -4*y + 1. What is the greatest common factor of 3 and y?
3
Let y(j) = 11*j**3 + j**2 - j + 1. Let q be y(1). Suppose -13*o + q*o + 11 = 0. Calculate the greatest common divisor of 55 and o.
11
Let o be (-4 + 0)*(-84)/16. Let b = o + -21. Suppose b = -0*d + 2*d - 2*g - 192, 2*d - 3*g - 193 = 0. Calculate the greatest common divisor of d and 19.
19
Suppose -4*o = -3*k - 20, 0*o - 2*k = -2*o + 8. Let h be (0 + 6)/(o - 6). Suppose -184 - 8 = -h*r. Calculate the highest common factor of r and 8.
8
Let k(c) = 35*c**2 + 3*c - 1. Let y(t) = -36*t**2 - 3*t + 1. Let o(r) = -2*k(r) - 3*y(r). Let x be o(1). What is the highest common divisor of x and 16?
8
Let h be (2 + (0 - 227))/(-1). Suppose -u = 2*q - h, -u - 13 + 126 = q. Calculate the highest common divisor of q and 28.
28
Let t = 353 + -306. Calculate the highest common factor of 1692 and t.
47
Suppose 0 = -4*o + 5*o - 4. Suppose -4*b + b + 19 = 5*k, -4*k = 3*b - 17. Suppose -7 + b = -o*s. What is the highest common factor of 1 and s?
1
Suppose 0 = 6*g - 38 + 8. Suppose u + 3*u - s - 47 = 0, 0 = -5*u - g*s + 65. What is the highest common factor of u and 24?
12
Let y(l) = 12*l**2 - 2*l + 3. Let q be y(-7). Let u = -330 + q. Calculate the greatest common factor of u and 25.
25
Suppose 0 = 5*q - q - 20. Suppose a = -f - 4*a + 44, 0 = -q*f + 5*a + 130. Suppose -f*t + 24 = -26*t. Calculate the greatest common factor of 8 and t.
8
Suppose 4*o - 50 - 66 = -4*k, -3*k + 4*o + 52 = 0. Calculate the highest common divisor of k and 36.
12
Let s be (151/5 - 8/(-10)) + -6. Let o(l) = -l**3 + 4*l**2 + 4*l - 6. Let d be o(4). What is the greatest common divisor of s and d?
5
Let a(g) = -5*g - 25. Let q be a(-10). Let w be 10/(10 + -5) + q. What is the highest common divisor of w and 9?
9
Let l(i) = i**2 - 8*i - 45. Let v be l(-7). Let b = 11 - 47. Let j = v + b. What is the greatest common divisor of j and 264?
24
Let s = -15 + 12. Let n be 48/9 - 2/s. Let i be 9/n*8/12. Calculate the highest common divisor of 1 and i.
1
Let f be (-36)/(-128)*8*(-8)/(-3). Let y = -3 - -1. Let b be (y/2)/((-1)/9). What is the highest common divisor of b and f?
3
Let g = 43 - 33. Let l be g - 6 - 3 - 7*-2. What is the highest common divisor of 45 and l?
15
Suppose -2*y = 8*l - 5*l - 5, -4*l - y + 15 = 0. Let w be (1 + -2)*(-12 - -10). Calculate the highest common divisor of w and l.
1
Let l be 2 + 2 + -1 - 3. Let p = 15 - l. Let h(t) = -45*t**3 + t**2 - t - 2. Let o be h(-1). What is the greatest common factor of o and p?
15
Suppose -2*u + 38 + 28 = h, 5*u - 5*h = 195. Let m be (-15)/(-30)*6 + 1*2. Calculate the greatest common divisor of u and m.
5
Let f be 3*(595/(-15))/(-7). Let q = f - -2. Calculate the greatest common divisor of q and 19.
19
Suppose -4*z = 19*z - 12259. Calculate the greatest common divisor of 26 and z.
13
Let y be (-1 - 15/(-9)) + (-172)/(-12). What is the highest common factor of y and 320?
5
Let a(o) = o**2 - 4*o - 36. Let t be a(9). Calculate the greatest common factor of t and 153.
9
Let o be -3 - (-214 - 3) - -8. Calculate the greatest common factor of o and 148.
74
Suppose 3*n + 4*k - k = 39, 5*k = 2*n - 61. What is the greatest common factor of 549 and n?
9
Suppose -30*f + 9142 = -3068. What is the highest common factor of f and 74?
37
Let u(g) = -g + 155*g**2 - 153*g**2 - 25*g + 2. Let z be u(13). What is the greatest common factor of 22 and z?
2
Let r be 5 - 44/8 - 530/(-4). Let s be 1/3 - r/(-9). Calculate the greatest common factor of s and 15.
15
Let c be 3*(0 + 2) + (7 - 8). Let f = c - -45. Calculate the greatest common divisor of f and 125.
25
Let m(y) = -17*y + 10. Let s be m(12). Let v = s - -558. Suppose -4*o + v + 28 = 0. What is the greatest common divisor of 14 and o?
14
Let f(h) = -2*h**3 + 110*h**2 - 32*h - 73. Let o be f(54). Calculate the greatest common divisor of 139 and o.
139
Let s = 168 - 138. What is the greatest common divisor of s and 24?
6
Let g(v) = 2*v**2 - 10*v + 12. Let s be g(10). Calculate the greatest common divisor of s and 84.
28
Let y be -9 - -6 - -1*2. Let p = 4 + y. Suppose 4*g - p*g = 5. What is the highest common factor of g and 25?
5
Let a(v) = v**2 + 7*v + 9. Let y be a(-6). Suppose -y*n + 8*n = 35. What is the greatest common divisor of 14 and n?
7
Let v(i) = i - 3. Let s be v(0). Let r = 5 + s. Suppose 4*y + 0*y = -r*m + 36, 3*y - 35 = -2*m. Calculate the highest common divisor of 4 and m.
4
Suppose -q + 3*h + 80 = 5, -237 = -3*q - 3*h. Let l be 3/(-5*15/(-975)). What is the highest common divisor of l and q?
39
Let f = -821 - -835. Calculate the greatest common factor of f and 924.
14
Let h = 66 - 39. Let i = -386 - -602. What is the highest common factor of h and i?
27
Let w(s) = -s**2 + 3*s - 11. Let r be w(-5). Let d be (r/68)/((-2)/24 - 0). What is the highest common divisor of 99 and d?
9
Sup